atest common factor of 121 and 113?
1
What is the highest common divisor of 80 and 6110?
10
Calculate the highest common divisor of 70 and 10010.
70
What is the highest common divisor of 5316 and 124483?
443
What is the greatest common divisor of 5 and 81845?
5
What is the greatest common divisor of 12519 and 31239?
117
What is the highest common divisor of 408205 and 4360?
545
What is the highest common factor of 72 and 563427?
9
What is the greatest common factor of 111 and 5493?
3
What is the greatest common divisor of 1814070 and 510?
510
What is the highest common divisor of 403950 and 150?
150
What is the highest common factor of 16857 and 6?
3
What is the greatest common divisor of 868 and 46438?
434
What is the highest common factor of 146493 and 328?
41
Calculate the greatest common factor of 169 and 54808.
13
Calculate the greatest common factor of 3638800 and 1375.
275
What is the greatest common factor of 190500 and 1200?
300
Calculate the greatest common factor of 759 and 6279.
69
What is the highest common factor of 261 and 112317?
87
Calculate the greatest common factor of 62 and 24087.
31
Calculate the greatest common factor of 94 and 68996.
94
Calculate the highest common factor of 3657 and 313707.
159
What is the highest common divisor of 2720235 and 315?
105
Calculate the greatest common factor of 84417 and 38.
19
What is the greatest common divisor of 759104 and 8?
8
Calculate the greatest common divisor of 14399 and 1904.
119
Calculate the greatest common divisor of 271 and 197559.
271
What is the greatest common factor of 84724 and 236?
236
What is the highest common factor of 125 and 159875?
125
Calculate the highest common factor of 187750 and 1750.
250
What is the greatest common divisor of 7818 and 54?
6
Calculate the greatest common divisor of 1176 and 741720.
168
What is the highest common factor of 288 and 6928?
16
Calculate the greatest common factor of 23 and 1597189.
23
Calculate the greatest common factor of 287 and 77490.
287
What is the greatest common divisor of 896172 and 255?
51
Calculate the greatest common factor of 883526 and 28.
14
Calculate the highest common divisor of 307877 and 999.
37
Calculate the highest common factor of 1492940 and 17.
17
What is the highest common divisor of 19422 and 830?
166
What is the highest common divisor of 370 and 30?
10
What is the highest common factor of 30 and 948010?
10
Calculate the highest common factor of 189 and 89943.
21
What is the greatest common factor of 9799 and 615?
41
What is the greatest common factor of 15 and 2637?
3
Calculate the greatest common divisor of 32 and 1611936.
32
What is the greatest common factor of 216 and 4356?
36
Calculate the highest common factor of 324 and 963.
9
Calculate the highest common divisor of 6188 and 77112.
476
Calculate the highest common factor of 792 and 16216.
8
Calculate the greatest common factor of 7056 and 82712.
392
Calculate the greatest common divisor of 2245264 and 336.
112
Calculate the highest common factor of 19215 and 357.
21
What is the highest common divisor of 206 and 22042?
206
What is the highest common divisor of 1080 and 80865?
135
What is the greatest common divisor of 13 and 11636222?
13
Calculate the highest common divisor of 7285245 and 67.
67
Calculate the highest common divisor of 329966 and 2405.
481
Calculate the highest common divisor of 365258 and 362.
362
What is the highest common factor of 400 and 250?
50
What is the highest common factor of 306081 and 69?
3
What is the greatest common divisor of 20999 and 2075?
83
Calculate the greatest common factor of 760 and 58045.
95
What is the greatest common divisor of 1010 and 429755?
505
What is the highest common divisor of 18 and 321918?
6
Calculate the greatest common factor of 5562 and 936.
18
What is the highest common factor of 235 and 2995169?
47
What is the highest common factor of 2436 and 292929?
609
What is the greatest common factor of 103805 and 65?
65
What is the highest common factor of 51940 and 24910?
530
What is the highest common divisor of 37920 and 237?
237
Calculate the greatest common divisor of 949975 and 195.
65
Calculate the highest common factor of 30 and 83270.
10
Calculate the greatest common factor of 1620384 and 96.
96
What is the highest common factor of 46 and 47426?
46
What is the highest common factor of 395 and 68256?
79
What is the greatest common factor of 18 and 42561?
9
What is the highest common factor of 645 and 660351?
129
Calculate the greatest common factor of 165328 and 176.
16
Calculate the greatest common divisor of 30706 and 286.
26
What is the highest common divisor of 496 and 2654964?
124
What is the highest common divisor of 923776 and 196?
28
What is the highest common factor of 150 and 482010?
30
What is the greatest common divisor of 1162910 and 148?
74
Calculate the highest common divisor of 762 and 860044.
254
What is the highest common divisor of 94 and 134?
2
Calculate the highest common factor of 75635 and 14.
7
Calculate the highest common divisor of 19792 and 4624.
16
Calculate the greatest common divisor of 12 and 501324.
12
What is the highest common divisor of 60 and 13045380?
60
What is the greatest common factor of 83249 and 111469?
1411
Calculate the highest common divisor of 526776 and 188.
188
Calculate the greatest common divisor of 185 and 352277.
37
Calculate the greatest common factor of 22 and 45463.
11
Calculate the greatest common divisor of 1 and 264562.
1
Calculate the greatest common factor of 534 and 29904.
534
Calculate the greatest common divisor of 1280115 and 60.
15
Calculate the greatest common divisor of 94429 and 267.
89
Calculate the greatest common factor of 981 and 398613.
327
Calculate the highest common factor of 26 and 5150522.
26
What is the highest common factor of 292 and 71102?
146
Calculate the highest common divisor of 1751842 and 766.
766
What is the greatest common divisor of 864 and 34956?
36
Calculate the greatest common factor of 1248 and 1326.
78
Calculate the highest common divisor of 506 and 3358.
46
What is the greatest common factor of 154 and 765028?
22
Calculate the highest common divisor of 198577 and 17.
17
Calculate the greatest common divisor of 3079747 and 11.
11
Calculate the highest common factor of 2 and 60343.
1
What is the greatest common factor of 1676 and 28?
4
Calculate the greatest common divisor of 176 and 9757.
11
Calculate the highest common divisor of 288 and 4716.
36
Calculate the greatest common divisor of 90042 and 66.
6
Calculate the greatest common divisor of 477 and 105735.
159
What is the highest common factor of 43904 and 1664?
128
Calculate the greatest common divisor of 14004 and 9468.
36
Calculate the highest common divisor of 1789090 and 40.
10
Calculate the greatest common divisor of 2976957 and 318.
159
What is the highest common factor of 11 and 162811?
11
What is the greatest common divisor of 23 and 860269?
23
Calculate the greatest common factor of 653 and 174351.
653
What is the greatest common factor of 457 and 125?
1
What is the greatest common factor of 499332 and 12?
12
Calculate the greatest common divisor of 784 and 467068.
196
Calculate the highest common factor of 600 and 173850.
150
What is the greatest common factor of 110842 and 1256?
314
What is the highest common divisor of 5291 and 2593811?
407
What is the greatest common factor of 2264053 and 11?
11
What is the highest common factor of 2783 and 43802?
121
Calculate the highest common divisor of 56 and 115248.
56
Calculate the greatest common factor of 72 and 50712.
24
Calculate the greatest common factor of 80 and 197660.
20
What is the highest common factor of 175 and 20800?
25
Calculate the greatest common factor of 660 and 13332.
132
Calculate the greatest common factor of 41 and 43091.
41
Calculate the greatest common divisor of 17760 and 15840.
480
Calculate the greatest common factor of 2354 and 8988.
214
Calculate the greatest common divisor of 104 and 97256.
8
Calculate the greatest common factor of 7051990 and 55.
55
What is the highest common factor of 7020 and 53040?
780
What is the highest common factor of 365 and 720?
5
What is the highest common factor of 14 and 145096?
14
Calculate the highest common divisor o